 -4*y, -24 = u - 4*y. Let a = -8 - u. What are the prime factors of a?
2
Let a = -12 - -5. Let p(r) = -r**2 - 8*r. Let o be p(a). Let d = o - 4. List the prime factors of d.
3
Let o(z) = -2*z**3 - 4*z**2 - 4. What are the prime factors of o(-4)?
2, 3, 5
Let c be 3*((-52)/(-12) - -3). Suppose -20 = -a + c. List the prime factors of a.
2, 3, 7
Let a = 9 + -5. Suppose a*m + 5*r - r = 100, -2*r = 3*m - 79. Let j = m + -20. List the prime factors of j.
3
Let y(s) be the first derivative of -s**3/3 - 3*s + 3. Let c be y(0). Let l = c - -5. List the prime factors of l.
2
Let f = -4 - -2. Let v be ((-14)/4)/(f/4). Suppose -2*h = -v*h + 25. What are the prime factors of h?
5
Let d(a) = -5*a**3 + 5*a + 6*a**3 - a + 7*a**2 - 4. What are the prime factors of d(-5)?
2, 13
Suppose 7*t - 10 = 2*t - 2*y, -2*t + 5*y = -4. Suppose 2*m + 7 = -4*o + 29, t*o - 2*m = -4. What are the prime factors of o?
3
Let p(h) = -27*h. List the prime factors of p(-4).
2, 3
Let w(h) = -h**3 + 6*h**2 - h - 4. Let q be w(5). Suppose -q = -2*z - 5*o - 4, 3*o = 0. List the prime factors of z.
2, 3
Let v = 2 - 6. Let g be 1*(v + 2)/2. Let n = 10 + g. List the prime factors of n.
3
What are the prime factors of (-2)/(-5) + (-366)/(-10)?
37
Let f = 2 - -3. Suppose -4*l - 3*z + 8 = 0, -4*l - f*z - 2 = -5*l. Suppose -l*o + 8 = -14. What are the prime factors of o?
11
Let r(b) = b**3 + 6*b**2 + 7*b + 14. List the prime factors of r(-4).
2, 3
Let z be ((-3)/(-2) - 2)*0. Let m be z/3 - 8*2. Let u = -10 - m. List the prime factors of u.
2, 3
Let q = 6 + -4. Suppose 6 = 5*o + q*t, 0 = -o + 6*o - t + 3. Suppose o*c = 2*c - 14. List the prime factors of c.
7
Let d(y) = y**2 - 7*y + 4. Let l be d(6). Let c be (99/(-12))/(l/8). What are the prime factors of 138/c + (-4)/22?
2
Suppose -5*c + 5*h + 100 = 0, -122 = -4*c - 3*h - 14. List the prime factors of (-6)/2 - c/(-4).
3
Let j be (4/6)/((-2)/(-6)). Let g(d) = 4*d**3 - d**2 - 3*d + 2. What are the prime factors of g(j)?
2, 3
Let x(c) be the third derivative of -c**6/60 - c**5/60 + 3*c**2. Let f be x(-1). Suppose 0 = 2*y - 7 - f. List the prime factors of y.
2
Suppose -4*j - y = 3*y - 140, -y - 4 = 0. What are the prime factors of j?
3, 13
Suppose 2*u + 10 = 4*u. What are the prime factors of u?
5
Suppose -6*v + 60 = -v. Let q be (-1)/3 + 112/v. Let c = q + -7. List the prime factors of c.
2
Let g be (28/(-6))/((-3)/(-9)). What are the prime factors of (-4)/g + (-468)/(-28)?
17
Let h(y) = y**3 - 5*y**2 + y - 1. Let k be h(5). Suppose 8*q = k*q + 8. Suppose -q*x = -7*x + 25. What are the prime factors of x?
5
Suppose 3*u - 20 = -74. Let l = -10 - u. List the prime factors of l.
2
Suppose -g = 2*g + 4*y + 80, 5*y = -g - 12. Let o = g - -56. What are the prime factors of o?
2, 3
Suppose -2*z = 4*p - 144, -2*z = -0*p - 4*p + 128. List the prime factors of p.
2, 17
Suppose 4*p - 36 = 120. Let w = 153 - 181. Let o = w + p. List the prime factors of o.
11
Let o(t) = -t**3 + 7*t**2 - 2*t + 5. Let n be o(6). Suppose -u = 4*i - 17, -3*i + 2*u - 6*u = -n. What are the prime factors of 1 - i - -5 - -1?
2
Let j = -111 + 198. What are the prime factors of j?
3, 29
What are the prime factors of (-4)/26 - 6048/(-104)?
2, 29
Let p(d) = 24*d. List the prime factors of p(1).
2, 3
List the prime factors of (0 - -107)*(-15)/(-15).
107
Suppose 0*s = 3*s. Suppose 0*c - 4*c = 3*m - 61, s = 5*m - 4*c - 123. Suppose 0 = 2*b + 3*h - m + 6, -5*b - 5*h = -45. What are the prime factors of b?
2, 5
Suppose -2*y = -5*y. Suppose 0*a + a - 3*o - 18 = y, -a + o = -16. List the prime factors of a.
3, 5
Let u = -2 - -2. Suppose -x = h - 6, u*x + x - 2*h = -6. What are the prime factors of 2*(-1*x + 7)?
2, 5
Suppose -m + 37 = -16. What are the prime factors of m?
53
Suppose 702 = 4*i + m, 2*m + 133 = -3*i + 662. What are the prime factors of i?
5, 7
Suppose 8 = -4*d - 20. Suppose 0 = -4*h + 42 + 6. Let m = h + d. What are the prime factors of m?
5
Suppose 2*t = 5*v + 97 + 5, -167 = -3*t + 4*v. What are the prime factors of t?
61
Let v(b) = -b - 1. Let m be v(-3). Suppose m*o = -o. List the prime factors of 11 + o - (0 + -1).
2, 3
Suppose 0 = 5*i - 2*z - 548, 0*z = i + 3*z - 96. What are the prime factors of i?
2, 3
Suppose -2*f - 3 = -4*y - 1, 2*y = 4*f - 14. Suppose 0 = -n - 1 + y. Suppose 2 = -2*o, -n*k + 10 = 2*o - 0. What are the prime factors of k?
2, 3
Let k = 11 + 29. What are the prime factors of k?
2, 5
Let k(l) = l - 1. Let n be k(3). Let f = 11 + n. List the prime factors of f.
13
Suppose d + 0*d + 2*f = 5, -8 = -d - f. Suppose 0 = -u + 2 + d. What are the prime factors of u?
13
Suppose v = 5*v + 2*z - 210, 3*v + 4*z - 160 = 0. What are the prime factors of v?
2, 13
List the prime factors of ((-152)/24)/(2/(-48)).
2, 19
Suppose 8*r - 594 = 2*r. What are the prime factors of r?
3, 11
Suppose -24*b + 5 = -19*b. What are the prime factors of (-1 + 12)*(b - 0)?
11
Let y = 15 - 18. What are the prime factors of y/(-42)*20*7?
2, 5
Let z(y) = y + 9. Let m be z(-6). Let n(s) = -3*s - 1. Let v be n(-1). Suppose m + v = r. List the prime factors of r.
5
Suppose 5*i = 4*o - 99, 5*i = 5*o - 0*i - 120. What are the prime factors of o?
3, 7
Let b = -19 - -25. Suppose b*d = 32 + 112. List the prime factors of d.
2, 3
Let f(x) be the first derivative of -x**4/24 + x**3/2 + x**2/2 + 2. Let u(r) be the second derivative of f(r). List the prime factors of u(-6).
3
List the prime factors of (3/(-6))/(4/(-368)).
2, 23
Let i(o) = -2*o**3 - 3*o**2 - o + 2. Let j be 6/30 - (-22)/(-10). What are the prime factors of i(j)?
2
Let f = 9 + -7. Suppose 0 = 2*h - 4*p - 54, 5*h + 7*p - f*p - 120 = 0. What are the prime factors of h?
5
Suppose 0 - 6 = g. Suppose t + 115 = -7. List the prime factors of t/(-14) + g/(-21).
3
Let g(c) = c**3 - 30*c**2 + 34*c + 59. What are the prime factors of g(29)?
2, 3, 17
Let z be (-249)/(-6) + 1/(-2). Let b = z + -19. What are the prime factors of b?
2, 11
Let s(c) = 13*c - 1. Let l(h) = -h + 2. Let n be l(2). Suppose n = -4*f + 2 + 2. What are the prime factors of s(f)?
2, 3
Let y = -5 - -32. List the prime factors of y.
3
Suppose 3*r + 3 = -q, -5*q - 24 - 13 = 4*r. Let z = 2 + q. Let d = z - -9. What are the prime factors of d?
2
Let t(n) = n**2 + 3*n - 8. Suppose 0*v = -4*v. Suppose -4*o + 2*m - 26 = 3*m, -4*o + 2*m - 20 = v. What are the prime factors of t(o)?
2, 5
Suppose -2*r - 3*r - 155 = 2*o, 2*r + 2*o = -56. Let x = r - -48. Suppose -u = -4*u + x. List the prime factors of u.
5
Suppose 3*r - 75 = 3*m, 5*r - 2*m = -5*m + 117. List the prime factors of r.
2, 3
Let i = -324 + 479. What are the prime factors of i?
5, 31
Suppose -2 = -3*j - 14. List the prime factors of 10/j*18/(-5).
3
Suppose 0 = 12*j - 15*j + 99. What are the prime factors of j?
3, 11
Let d be -1*3 - (-5 - -5). Suppose -6*w + w + 55 = 0. List the prime factors of w/(-1)*(d - -2).
11
Suppose -9 = -2*a - a. Suppose s + 9 = 5*y, -21 - 2 = -a*y + 5*s. Suppose -y = q - 9. What are the prime factors of q?
2
Let l(r) = r**2 + 2*r - 1. Let s be l(2). Suppose 0 = 3*f + 4*v + 110, 2*v + 92 = -3*f + s*v. Let q = 55 + f. What are the prime factors of q?
3, 7
What are the prime factors of 1/(-5) + 1346/5?
269
Suppose 6 = w - 6. Suppose l + 0 = w. List the prime factors of l.
2, 3
Let t(j) = 4*j + 5 - 6 - 4. What are the prime factors of t(4)?
11
Let r = 23 + 211. What are the prime factors of r?
2, 3, 13
Suppose -7*a - 602 = -14*a. List the prime factors of a.
2, 43
Suppose d - 43 = 3*g - 8*g, 0 = -5*d + 3*g + 159. What are the prime factors of d?
3, 11
Suppose 0 = -2*g + 143 - 39. Let o = 74 - g. What are the prime factors of o?
2, 11
Let n = 8 + 37. List the prime factors of n.
3, 5
Suppose 2*o - 7*y = -2*y + 60, 3*y = -3*o + 90. List the prime factors of o.
2, 3, 5
Let o = -5 + -1. List the prime factors of (5 + 3)*(-21)/o.
2, 7
Let a = -210 - -231. What are the prime factors of a?
3, 7
Let o = -202 + 479. What are the prime factors of o?
277
Suppose 0 = -5*i + 11 + 44. What are the prime factors of i?
11
Let g be -1 + 2 + -6 + 9. Let c = 5 + g. What are the prime factors of c?
3
Let p(f) = -15*f - 48. List the prime factors of p(-23).
3, 11
Suppose -48 = 5*t + a, 2*t - 4*a = t + 3. Let f = t + 17. List the prime factors of f.
2
Let k be (8/6)/((-2)/(-9)). Let g(a) = 12 + 8*a - a - 8*a. What are the pri